{"id":2,"date":"2024-10-29T13:35:07","date_gmt":"2024-10-29T13:35:07","guid":{"rendered":"https:\/\/szikszaianna.hu\/?page_id=2"},"modified":"2024-10-30T17:21:22","modified_gmt":"2024-10-30T16:21:22","slug":"sample-page","status":"publish","type":"page","link":"https:\/\/szikszaianna.hu\/?page_id=2","title":{"rendered":"BEMUTATKOZ\u00c1S"},"content":{"rendered":"\n<blockquote class=\"wp-block-quote is-layout-flow wp-block-quote-is-layout-flow\">\n<p>\u201eHa nem el\u00e9g j\u00f3k a k\u00e9peid, akkor nem volt\u00e1l el\u00e9g k\u00f6zel!\u201d &#8211; Robert Capa<\/p>\n<\/blockquote>\n\n\n\n<div class=\"wp-block-media-text is-stacked-on-mobile\"><figure class=\"wp-block-media-text__media\"><img loading=\"lazy\" decoding=\"async\" width=\"960\" height=\"959\" src=\"https:\/\/szikszaianna.hu\/wp-content\/uploads\/2024\/10\/japan-foto.jpg\" alt=\"\" class=\"wp-image-117 size-full\" srcset=\"https:\/\/szikszaianna.hu\/wp-content\/uploads\/2024\/10\/japan-foto.jpg 960w, https:\/\/szikszaianna.hu\/wp-content\/uploads\/2024\/10\/japan-foto-300x300.jpg 300w, https:\/\/szikszaianna.hu\/wp-content\/uploads\/2024\/10\/japan-foto-150x150.jpg 150w, https:\/\/szikszaianna.hu\/wp-content\/uploads\/2024\/10\/japan-foto-768x767.jpg 768w\" sizes=\"auto, (max-width: 960px) 100vw, 960px\" \/><\/figure><div class=\"wp-block-media-text__content\">\n<p>A pillanatok kimerev\u00edt\u00e9se \u00e9s meg\u0151rz\u00e9se, ez a c\u00e9lom. Elkapni azt a mosolyt, a napf\u00e9nyt, az \u00f6r\u00f6m\u00f6t, \u00e1tadni a hangulatot egy fot\u00f3n kereszt\u00fcl. Igyekszem egy\u00e9ni l\u00e1t\u00e1sm\u00f3ddal visszaadni \u00e9s visszan\u00e9zhet\u0151v\u00e9 tenni ezeket.<\/p>\n<\/div><\/div>\n\n\n\n<p><\/p>\n\n\n\n<p><\/p>\n","protected":false},"excerpt":{"rendered":"<p>\u201eHa nem el\u00e9g j\u00f3k a k\u00e9peid, akkor nem volt\u00e1l el\u00e9g k\u00f6zel!\u201d &#8211; Robert Capa A pillanatok kimerev\u00edt\u00e9se \u00e9s meg\u0151rz\u00e9se, ez a c\u00e9lom. Elkapni azt a [&hellip;]<\/p>\n","protected":false},"author":1,"featured_media":0,"parent":0,"menu_order":0,"comment_status":"closed","ping_status":"closed","template":"","meta":{"footnotes":""},"class_list":["post-2","page","type-page","status-publish","hentry"],"_links":{"self":[{"href":"https:\/\/szikszaianna.hu\/index.php?rest_route=\/wp\/v2\/pages\/2","targetHints":{"allow":["GET"]}}],"collection":[{"href":"https:\/\/szikszaianna.hu\/index.php?rest_route=\/wp\/v2\/pages"}],"about":[{"href":"https:\/\/szikszaianna.hu\/index.php?rest_route=\/wp\/v2\/types\/page"}],"author":[{"embeddable":true,"href":"https:\/\/szikszaianna.hu\/index.php?rest_route=\/wp\/v2\/users\/1"}],"replies":[{"embeddable":true,"href":"https:\/\/szikszaianna.hu\/index.php?rest_route=%2Fwp%2Fv2%2Fcomments&post=2"}],"version-history":[{"count":3,"href":"https:\/\/szikszaianna.hu\/index.php?rest_route=\/wp\/v2\/pages\/2\/revisions"}],"predecessor-version":[{"id":124,"href":"https:\/\/szikszaianna.hu\/index.php?rest_route=\/wp\/v2\/pages\/2\/revisions\/124"}],"wp:attachment":[{"href":"https:\/\/szikszaianna.hu\/index.php?rest_route=%2Fwp%2Fv2%2Fmedia&parent=2"}],"curies":[{"name":"wp","href":"https:\/\/api.w.org\/{rel}","templated":true}]}}